 - 120 = 2*f, -4*n = -8. Suppose 0 = -4*i - d - 274, -4*d - d = i + f. List the prime factors of (i/(-9))/(2/6).
23
List the prime factors of ((-9)/6)/(48/(-31232)).
2, 61
Let n(u) = -u**3 - 8*u**2 + u + 8. Let q be n(-8). Suppose c + 3*c = q. Suppose c = 3*j - 52 + 7. List the prime factors of j.
3, 5
List the prime factors of 137150/(-78)*18/(-10).
3, 5, 211
Suppose a = -4*s + 5 - 2, -26 = -3*s + 4*a. Let f = s - 0. What are the prime factors of 1/f - (-49)/2?
5
Let o(n) = -268*n + 236. What are the prime factors of o(-8)?
2, 5, 7, 17
Suppose o - 4*o - 39 = 0. Let y = 32 - o. List the prime factors of y.
3, 5
Suppose 0 = -5*n + 14*n - 7272. List the prime factors of n.
2, 101
Suppose -3*i - 24 = -5*f + 6, f - 28 = 5*i. Suppose -f*j - 77 = -14*j. What are the prime factors of j?
7
Suppose 119 = -5*u + 19. Let w = 19 + u. Let n(s) = -12*s. What are the prime factors of n(w)?
2, 3
Suppose -103537 = -83*r + 34*r. List the prime factors of r.
2113
Let c(y) = 39*y - 40. List the prime factors of c(11).
389
What are the prime factors of (1/5)/(38/271130)?
1427
Let w = -13 + 7. Let v(p) be the first derivative of -5*p**2/2 + 13*p - 69. What are the prime factors of v(w)?
43
Let c be (-8 - (2 + -5)) + 5. Suppose -k = -0 - 2. Suppose -46 = -k*f - c*f. What are the prime factors of f?
23
Suppose -4*j + 2*y = -14, 3*j = j + 3*y + 17. Let w = j - 1. Suppose m = 3*d + 43, w*m + d = -m + 43. What are the prime factors of m?
43
Let n = 16 - 8. Let k be (n/(-2) - -3)*-3. Suppose u = -k, 0 = -10*j + 5*j + 3*u + 214. List the prime factors of j.
41
Let l = 7 - 5. Suppose -5*r = -l*i - 10*r - 23, -5 = r. Let w(d) = 29*d + 2. List the prime factors of w(i).
31
Suppose -4*c - 3*t = -37, 0 = -5*c + 2*c + 4*t + 34. Suppose 0 = -4*p + 59 + 77. Suppose -4*n = -2*l - 96, -2*n + 3*l + c = -p. What are the prime factors of n?
5
Let y(g) = -g**3 + 6*g**2 + 9*g - 9. Let x be y(7). Suppose 0 = 3*w + 6, 0*k + 92 = x*k + 4*w. Suppose k = q - 15. What are the prime factors of q?
5, 7
Let l be 8 - 1/(-1)*-1. Suppose l*p - 5 - 9 = 0. Suppose 2*r - 120 = -p*v - 2*v, 0 = -3*v + 4*r + 68. List the prime factors of v.
2, 7
Let r be 4 - (-2 - -4) - 6. Let q be (-5 - -5)/(-1 - r). Suppose 0 = -q*g + 2*g - 78. What are the prime factors of g?
3, 13
Let a(p) = -157*p - 85. List the prime factors of a(-6).
857
Suppose k - 5*t = -2*t - 8, 4*k - 33 = -t. Suppose 3*u - j = 300, k*j - 5*j - 410 = -4*u. What are the prime factors of u?
101
Suppose -26*i - 3092 = -30*i. List the prime factors of i.
773
Suppose 0 = -3*o + 7*o - 16. Suppose 0 = -2*k + d + 23, -4*k - o*d = d - 25. What are the prime factors of (-45)/k*16/(-3)?
2, 3
Let i be (1 + -9)/((-2)/143). Suppose 3*u - i = -3*t + 2*u, 5*t = -3*u + 948. List the prime factors of t.
2, 3
Let v(j) = j**3 - 12*j**2 - 13*j + 15. Let c(d) be the third derivative of -d**4/24 + d**3/3 + 4*d**2. Let f be c(-11). What are the prime factors of v(f)?
3, 5
Suppose -4*m + 2*b = 4*b - 1792, 2*m - 904 = -3*b. What are the prime factors of m?
2, 223
Suppose -4*m - 3*j + 25 + 3 = 0, 0 = -5*m - j + 24. Suppose 398 = 3*h + 4*g, 249 - 17 = 2*h - m*g. What are the prime factors of h?
2, 3, 7
Let m = -33 + 55. Suppose -p + 192 = w, 0 = 4*p - m + 2. List the prime factors of w.
11, 17
Let y(n) be the second derivative of -13*n**3/6 - 15*n**2 - 14*n. What are the prime factors of y(-11)?
113
What are the prime factors of 107 - (2 - 15/6)*-2?
2, 53
Let a(b) = 40*b + 379. List the prime factors of a(40).
1979
Suppose -3*k - 2*d - 836 = -0*k, -4*k - 2*d = 1118. Suppose 2*y - 16*j - 34 = -18*j, 3*j + 33 = 3*y. List the prime factors of y/(-21)*k/4.
47
Suppose 4*u + 4*k = 1500, 2*u - 4*k + 237 - 957 = 0. What are the prime factors of u?
2, 5, 37
Let b be (0 + (-484)/(-10))/((-14)/(-35)). Suppose 4*d + b = 4*f + d, -4*f + 103 = 3*d. What are the prime factors of f?
2, 7
Let a(m) be the first derivative of -m**2 + 9*m - 2. Let j be a(-12). Suppose 132 = -31*t + j*t. What are the prime factors of t?
2, 3, 11
Suppose 8*k - 3*k = -5*s + 55, -2*s + 67 = 5*k. Suppose -2*t - k = -7*t. Let o(c) = 2*c**3 - 4*c**2 + 3*c + 2. List the prime factors of o(t).
29
Let j(m) = m**3 - 11*m**2 - 4*m + 51. What are the prime factors of j(12)?
3, 7
Let h = 216 - 144. Suppose h = 3*q - 117. What are the prime factors of q?
3, 7
Suppose -5*o = 5, 0 = -j - j - 3*o + 529. List the prime factors of j.
2, 7, 19
What are the prime factors of (-5)/15 - (7788/(-9) - -1)?
2, 3
Let j = -858 - -1823. What are the prime factors of j?
5, 193
Let t(b) = b**3 + 10*b**2 - b - 7. Let a be t(-10). Suppose a*s - 7*s + 5*u = 21, -5*s - 20 = -5*u. List the prime factors of 39/(-6)*(s - 13).
2, 3, 13
Suppose u + 1 + 0 = g, 2*g + 4 = 4*u. Suppose -g*q + 8*q + 56 = 0. What are the prime factors of (-101 - -1)*q/35?
2, 5
Let d(s) = -2*s + 21. Let l be d(15). What are the prime factors of (11/(66/l))/(1/(-54))?
3
Let q(a) be the first derivative of 7*a**2 - 16*a - 3. Let v be q(8). Suppose 0*g = -4*g + v. List the prime factors of g.
2, 3
Suppose -2*f = 11*f - 1690. List the prime factors of f.
2, 5, 13
Let b(n) = 22*n**2 - 6*n + 3. What are the prime factors of b(8)?
29, 47
Suppose -2*s = -33 + 11. Let m(f) = f**3 - 10*f**2 + 9*f + 32. What are the prime factors of m(s)?
2, 3, 7
What are the prime factors of 380/24 + -16 + 21985/6?
2, 229
Suppose -3 = 3*w + 5*m, -m = -2*w - 6*m + 3. Let y = w - -14. Suppose x = -1, 4 = 4*p + 4*x - y. What are the prime factors of p?
2
Suppose -5*m + i + 17 = 0, 5 = m - i - 0. Suppose -1142 = -5*h - 3*o + 148, -3*o - 774 = -m*h. Suppose -26 = -4*d + h. What are the prime factors of d?
71
Suppose -3*l + 963 = -336. Suppose 0 = -10*x + 477 + l. What are the prime factors of x?
7, 13
Let d be ((-1)/((-3)/(-132)))/1. Let b(k) = 3*k + 7. Let o be b(-9). Let l = o - d. List the prime factors of l.
2, 3
Let m(p) = -3*p - 20. Let a be m(-8). Suppose a - 12 = -4*z. Suppose 9 = z*w - 35. List the prime factors of w.
2, 11
Let b(z) = -40*z + 14. Let p be b(-6). Suppose 111*x - 113*x + p = 0. What are the prime factors of x?
127
Let p(g) = 6*g**2 + 6*g - 5. Let j be p(7). Suppose j = 3*b + 82. List the prime factors of b.
83
Let s be (-1)/(3/(-45)*-1). Let f be (-6)/s - (-4)/(-10). Suppose -4*r + 20 = f, 175 = 5*d + 5*r - 2*r. List the prime factors of d.
2
Let i be 20/150 + 1346/30. Let h = i + -30. What are the prime factors of h?
3, 5
Suppose 28*y - 300 = 24*y. Suppose s + r = 40 + y, -3*s = 4*r - 347. What are the prime factors of s?
113
Let g(x) be the second derivative of x**5/10 - 5*x**4/12 - 3*x**3/2 + 9*x**2/2 - x. List the prime factors of g(5).
89
Let k(j) = 13*j**2 - 6*j + 75. List the prime factors of k(7).
2, 5, 67
Let x be (7/(-21))/((-2)/42). Suppose 3*u + 24 = 3*v, -x*v + 8 = -3*v + 4*u. Suppose -4*w = -4*o + 2*o - 100, w + v*o - 3 = 0. List the prime factors of w.
23
Suppose -2*c - 33 = 5*x, -3*c + 2*x - 78 = c. Let j = c + 30. List the prime factors of j.
11
Let x(f) = f + 9. Let i be x(-4). Suppose 3*z = -i*k + 55, -91 + 16 = -4*z - 5*k. List the prime factors of z.
2, 5
Suppose -13*r + 108 = -10*r. Suppose -32*k - 1224 = -r*k. What are the prime factors of k?
2, 3, 17
Let u be 2 + 6*(-4)/(-12). Let p(i) = i**3 - 5*i**2 + 7*i - 1. List the prime factors of p(u).
11
Let g be 114/42 + 2/7. Suppose 5*p = g*t + 131 - 9, 0 = 2*p + 3*t - 53. What are the prime factors of p?
5
Let z be 60/12 - (3 + -2 + 1). Suppose -3*y - 4*l = -192, -z*y + 5*l = -116 - 103. What are the prime factors of y?
2, 17
Let a(i) be the first derivative of -i**4/4 - 2*i**3 + 5*i**2/2 - 12*i - 223. Let b(r) = -r - 2. Let p be b(5). What are the prime factors of a(p)?
2
Let p = -220 + 359. Let c = -45 + p. List the prime factors of c.
2, 47
Let t(o) = o**3 + 13*o**2 + 15*o - 25. Let l be t(-12). What are the prime factors of (-60)/(-40) - l/2?
2
Let i = -618 + 2385. List the prime factors of i.
3, 19, 31
Let x(h) = 96*h - 12. Let k(c) = 97*c - 11. Let s(l) = 5*k(l) - 6*x(l). Let y(q) = 23*q - 4. Let p(g) = -2*s(g) - 9*y(g). What are the prime factors of p(-1)?
3
Suppose -5*o + 0*o - 5*u + 1820 = 0, -5*o - 3*u + 1810 = 0. Suppose 0 = 5*t - 3*k - 235 - o, -4*t + 5*k + 483 = 0. What are the prime factors of t?
3, 13
Let v be (-4)/(-22) - 532/22. Let d = -23 - v. What are the prime factors of d + 69 + (2 - 5